{"id":4311,"date":"2026-03-06T21:44:03","date_gmt":"2026-03-06T21:44:03","guid":{"rendered":"https:\/\/moshifaa.com\/?page_id=4311"},"modified":"2026-03-13T14:40:06","modified_gmt":"2026-03-13T14:40:06","slug":"regulations-page","status":"publish","type":"page","link":"https:\/\/moshifaa.com\/?page_id=4311","title":{"rendered":"Page des R\u00e8glements"},"content":{"rendered":"\t\t<div data-elementor-type=\"wp-page\" data-elementor-id=\"4311\" class=\"elementor elementor-4311\" data-elementor-post-type=\"page\">\n\t\t\t\t<div class=\"elementor-element elementor-element-740270a e-flex e-con-boxed kitify-col-width-auto-no ignore-docs-style-no kitify-disable-relative-no e-root-container elementor-top-section e-con e-parent\" data-id=\"740270a\" data-element_type=\"container\" data-e-type=\"container\">\n\t\t\t\t\t<div class=\"e-con-inner\">\n\t\t\t\t\t<\/div>\n\t\t\t\t<\/div>\n\t\t<div class=\"elementor-element elementor-element-a7a887b e-flex e-con-boxed kitify-col-width-auto-no ignore-docs-style-no kitify-disable-relative-no e-root-container elementor-top-section e-con e-parent\" data-id=\"a7a887b\" data-element_type=\"container\" data-e-type=\"container\">\n\t\t\t\t\t<div class=\"e-con-inner\">\n\t\t\t\t<div class=\"elementor-element elementor-element-6f74d83 elementor-widget elementor-widget-text-editor\" data-id=\"6f74d83\" data-element_type=\"widget\" data-e-type=\"widget\" data-widget_type=\"text-editor.default\">\n\t\t\t\t\t\t\t\t\t<h2 data-section-id=\"19dvkq7\" data-start=\"184\" data-end=\"243\">Conditions G\u00e9n\u00e9rales de Vente\u00a0<\/h2><p data-start=\"244\" data-end=\"490\">Chez <strong data-start=\"249\" data-end=\"260\">Moshifa<\/strong>, en passant commande sur notre site, vous acceptez nos conditions g\u00e9n\u00e9rales de vente. Elles pr\u00e9cisent vos droits et obligations, ainsi que les n\u00f4tres, concernant les produits propos\u00e9s, les modalit\u00e9s de paiement et la livraison.<\/p><h2 data-section-id=\"l79w2l\" data-start=\"492\" data-end=\"546\">Politique de Confidentialit\u00e9\u00a0<\/h2><p data-start=\"547\" data-end=\"840\"><strong data-start=\"547\" data-end=\"558\">Moshifa<\/strong> s\u2019engage \u00e0 prot\u00e9ger vos donn\u00e9es personnelles. Nous collectons uniquement les informations n\u00e9cessaires pour traiter vos commandes et am\u00e9liorer votre exp\u00e9rience utilisateur. Vos informations ne seront jamais partag\u00e9es avec des tiers \u00e0 des fins commerciales sans votre consentement.<\/p><h2 data-section-id=\"1spjja\" data-start=\"842\" data-end=\"893\">Politique de Remboursement\u00a0<\/h2><p data-start=\"894\" data-end=\"1125\">Si un produit command\u00e9 ne vous satisfait pas, vous pouvez demander un remboursement conform\u00e9ment \u00e0 notre politique. Les conditions incluent : produits non utilis\u00e9s, emballage intact et demande effectu\u00e9e dans les d\u00e9lais sp\u00e9cifi\u00e9s.<\/p><h2 data-section-id=\"1smimxs\" data-start=\"1127\" data-end=\"1176\">Politique d\u2019Exp\u00e9dition\u00a0<\/h2><p data-start=\"1177\" data-end=\"1410\">Les produits <strong data-start=\"1190\" data-end=\"1201\">Moshifa<\/strong> sont exp\u00e9di\u00e9s dans les meilleurs d\u00e9lais apr\u00e8s confirmation de la commande. Les d\u00e9lais et co\u00fbts de livraison peuvent varier selon votre lieu de r\u00e9sidence. Un num\u00e9ro de suivi sera fourni pour chaque commande.<\/p><h2 data-section-id=\"14ou0wr\" data-start=\"1412\" data-end=\"1456\">Politique de Retour<\/h2><p data-start=\"1457\" data-end=\"1521\">Vous pouvez retourner vos produits sous certaines conditions :<\/p><ul data-start=\"1522\" data-end=\"1643\"><li data-section-id=\"12hwukm\" data-start=\"1522\" data-end=\"1575\"><p data-start=\"1524\" data-end=\"1575\">Produit inutilis\u00e9 et dans son emballage d\u2019origine<\/p><\/li><li data-section-id=\"15487si\" data-start=\"1576\" data-end=\"1616\"><p data-start=\"1578\" data-end=\"1616\">Retour demand\u00e9 dans le d\u00e9lai indiqu\u00e9<\/p><\/li><li data-section-id=\"1a5ssdj\" data-start=\"1617\" data-end=\"1643\"><p data-start=\"1619\" data-end=\"1643\">Preuve d\u2019achat fournie<\/p><\/li><\/ul><h2 data-section-id=\"ukh38e\" data-start=\"1645\" data-end=\"1728\">Mentions L\u00e9gales \/ Informations L\u00e9gales<\/h2><p data-start=\"1729\" data-end=\"1963\">Le site <strong data-start=\"1737\" data-end=\"1748\">Moshifa<\/strong> est \u00e9dit\u00e9 par [Nom de l\u2019entreprise].<br data-start=\"1785\" data-end=\"1788\" \/>Adresse : [Adresse compl\u00e8te]<br data-start=\"1816\" data-end=\"1819\" \/>Email : [Email de contact]<br data-start=\"1845\" data-end=\"1848\" \/>Num\u00e9ro d\u2019enregistrement : [SIRET \/ num\u00e9ro d\u2019immatriculation]<br data-start=\"1908\" data-end=\"1911\" \/>Directeur de la publication : [Nom du responsable]<\/p>\t\t\t\t\t\t\t\t<\/div>\n\t\t\t\t\t<\/div>\n\t\t\t\t<\/div>\n\t\t\t\t<\/div>\n\t\t","protected":false},"excerpt":{"rendered":"<p>Conditions G\u00e9n\u00e9rales de Vente\u00a0 Chez Moshifa, en passant commande sur notre site, vous acceptez nos conditions g\u00e9n\u00e9rales de vente. Elles pr\u00e9cisent vos droits et obligations, ainsi que les n\u00f4tres, concernant les produits propos\u00e9s, les modalit\u00e9s de paiement et la livraison. Politique de Confidentialit\u00e9\u00a0 Moshifa s\u2019engage \u00e0 prot\u00e9ger vos donn\u00e9es personnelles. Nous collectons uniquement les informations n\u00e9cessaires pour traiter vos commandes\u2026<\/p>\n","protected":false},"author":1,"featured_media":0,"parent":0,"menu_order":0,"comment_status":"closed","ping_status":"closed","template":"elementor_header_footer","meta":{"footnotes":""},"class_list":["post-4311","page","type-page","status-publish","hentry"],"_links":{"self":[{"href":"https:\/\/moshifaa.com\/index.php?rest_route=\/wp\/v2\/pages\/4311","targetHints":{"allow":["GET"]}}],"collection":[{"href":"https:\/\/moshifaa.com\/index.php?rest_route=\/wp\/v2\/pages"}],"about":[{"href":"https:\/\/moshifaa.com\/index.php?rest_route=\/wp\/v2\/types\/page"}],"author":[{"embeddable":true,"href":"https:\/\/moshifaa.com\/index.php?rest_route=\/wp\/v2\/users\/1"}],"replies":[{"embeddable":true,"href":"https:\/\/moshifaa.com\/index.php?rest_route=%2Fwp%2Fv2%2Fcomments&post=4311"}],"version-history":[{"count":14,"href":"https:\/\/moshifaa.com\/index.php?rest_route=\/wp\/v2\/pages\/4311\/revisions"}],"predecessor-version":[{"id":4676,"href":"https:\/\/moshifaa.com\/index.php?rest_route=\/wp\/v2\/pages\/4311\/revisions\/4676"}],"wp:attachment":[{"href":"https:\/\/moshifaa.com\/index.php?rest_route=%2Fwp%2Fv2%2Fmedia&parent=4311"}],"curies":[{"name":"wp","href":"https:\/\/api.w.org\/{rel}","templated":true}]}}